207. Determine u(9).
-18
Let j = -246 + 248. Let t(l) = -l**2 + 15*l - 4 - 9 - 6 - j. What is t(14)?
-7
Let r(v) = 3*v**3 + v**2 - 1. Suppose -2*a + 31 = -4*s + 5*s, 2*s - 44 = 2*a. Let y = s + -26. What is r(y)?
-3
Suppose -359 - 325 = -6*l. Let j(q) = 56*q**3 + 54*q**3 + 2*q + 2*q**2 - l*q**3 + 0 - 1. Calculate j(2).
-21
Let k(t) = -7*t - 7 + 2*t + 0. Let r(o) = 8*o**2 + 58*o + 19. Let m(f) = -2*f**2 - f + 1. Let b(l) = 3*m(l) + r(l). Let g be b(-27). Give k(g).
18
Let j(z) = -2*z**2 + 16*z - 44. Let i = 21091 - 21086. Determine j(i).
-14
Suppose -4*a + 360 = 336. Let u(z) = -14*z + 70. Let s(d) = 7*d - 38. Let k(n) = 11*s(n) + 6*u(n). What is k(a)?
-40
Let n = -56 - -66. Let j be 40/5*(-5)/n. Let b(o) = -o**2 + 10. Let u be b(j). Let r(i) = i**3 + 7*i**2 + 4*i - 1. What is r(u)?
11
Suppose 44*u = 26*u + 20*u + 4. Let s(d) = d**3 + d**2 + 12*d + 20. Give s(u).
-8
Let h(c) = c**2 - 2*c - 1. Suppose -70*a + 4*a = -132. Determine h(a).
-1
Let l be (3 + -3)*(-15)/(-90). Let d(t) = t - 10. Let c(i) be the first derivative of i**2 - 11*i - 11. Let m(a) = 2*c(a) - 3*d(a). Give m(l).
8
Let l(w) = w**2 - 3*w + 1. Let o(h) = 4*h**2 - 13*h + 63. Let x(n) = 6*l(n) - o(n). Determine x(-4).
-5
Let y(v) = -4*v + 49. Let s be y(10). Suppose 121*c = 124*c + s. Let x(i) = i + 1. What is x(c)?
-2
Let c = -901 - -1293. Let r = c - 387. Let z(t) = -t**2 + 7*t. Give z(r).
10
Let g(d) be the third derivative of d**7/840 + d**6/60 - d**5/12 - d**4/8 + 32*d**3/3 + 2*d**2 - 111. Let u(f) be the first derivative of g(f). What is u(-7)?
18
Let x(j) be the first derivative of j**4/4 - 17*j**3/3 - 17*j**2/2 - 16*j - 111328. Suppose 3*z - 24 - 30 = 0. Give x(z).
2
Let s(c) = 3*c**3 + 3*c**2 + 2*c + 13. Let t be s(-2). Let w(u) be the third derivative of u**6/60 + u**5/12 + u**4/12 - 2*u**2. Determine w(t).
-15
Let a(o) = 7*o + 2783*o**2 - o - 2784*o**2 - 3. What is a(11)?
-58
Let j(h) = -65*h + 3969. Let u be j(61). Let t(s) = -4 + 0 - 4*s + 2. Determine t(u).
-18
Let p(a) be the third derivative of a**6/120 - 11*a**5/60 - a**4/2 + a**3/3 + 66*a**2 + 6. Let h be (-43)/(-9) + 6/27. Suppose h*j = 30 + 30. Determine p(j).
2
Let g(y) be the second derivative of -y**5/20 - 13*y**4/12 - 5*y**3/2 - 41*y**2/2 - 6666*y. Calculate g(-12).
-5
Suppose 0 = 2*v + 3 + 9. Let b(o) = 263*o - 7. Let t(i) = 35*i - 1. Let j(d) = 2*b(d) - 15*t(d). Determine j(v).
-5
Let h(k) = 16 + 10*k - k**2 - 5 + 5 - 2. Suppose -5*w = -3*w + 2*w. Suppose c + 40*y - 36*y - 18 = 0, -c - 5*y + 20 = w. What is h(c)?
14
Let g(z) = 5*z**3 + 74*z**2 - 85*z + 87. Let a(c) = 3*c**3 + 49*c**2 - 56*c + 57. Let n(m) = 8*a(m) - 5*g(m). Determine n(21).
-21
Let z = 17 + 13. Let v be 8/2*(z/8)/5. Let l(w) = -2 - v + 2 - 5*w**3 + 4. Determine l(-1).
6
Let g(a) be the second derivative of 1/2*a**2 + 1/2*a**3 - 27*a - 1. Calculate g(2).
7
Let w(y) = 6 - 15 - 6 + 4 + 18 - 2*y. Let k(f) = f**2 - 9*f - 7. Let g be k(10). Suppose 0 = g*p + 2*p - 25. What is w(p)?
-3
Let z = -181 - -103. Suppose 15*d = 1284 - 189. Let w = z + d. Let o(t) = -t**2 - 3*t. Give o(w).
-10
Suppose -3*w + 5*w = 4. Let o = 34 + 1. Let c(n) = 7*n + o - 38 + 2*n. Give c(w).
15
Let s(r) be the second derivative of -r**4/12 + 5*r**3/3 - 5*r**2/2 + r. Suppose -x - 5*t + 15 = 0, x - 31 = -t - 20. Let q be (-85)/(-51)*54/x. Determine s(q).
4
Suppose 2*u - 2 - 6 = 0. Let s(t) = -17*t**2 + 80*t - 10. Let f(m) = -10*m**2 + 47*m - 6. Let z(y) = 12*f(y) - 7*s(y). Determine z(u).
-2
Let l(h) = -7*h - 45. Let x = 6250 - 6256. Determine l(x).
-3
Let a be (-332)/14 - (-2)/7*-1. Let t = a + 21. Let f be (-2 - -2)/t + (-1 - 0). Let n(m) = 4*m - 1. Determine n(f).
-5
Let s(d) = -316*d**2 + 42*d - 319. Let z(m) = 37*m**2 - 5*m + 40. Let q(a) = 2*s(a) + 17*z(a). Calculate q(7).
-112
Let j(n) = n**2 - 2*n - 3. Suppose 5 = h + 2. Let o(v) = 0*v - 3 - h + 3 + v. Let g be o(0). What is j(g)?
12
Let q(s) be the second derivative of -s**6/720 + s**5/10 + 35*s**4/6 - s**3/6 + 4*s - 16. Let c(p) be the third derivative of q(p). Calculate c(7).
5
Let s(p) = p**3 + 7*p**2 - 8*p + 3. Suppose -3*i - 4*b = 14, -10*b = -8*b + 10. Suppose 195 = 5*v + i*h + 3*h, 0 = 4*v - 4*h - 156. Let j = v + -47. Give s(j).
3
Let b(j) = -j**2 + 5*j + 4. Suppose 3520 = -63*s - s. Let m be (1 - 76)/((-3)/(-2)). Let g = m - s. Calculate b(g).
4
Let c be (27/6)/9*6. Let l(q) = -46*q**3 + 47*q**c - q + 2*q. Let j be 15/(-10) - 2/(-4). Calculate l(j).
-2
Suppose 5*d - 41 = -2*b - 2*b, 0 = -2*d + 3*b - 2. Suppose 14 = 5*i + 2*u, -d*u = 3*i - u - 14. Let v(k) = 0 + 2 - 2 - i - 2*k. Calculate v(-3).
4
Let v be -8*9*(-2)/(-24). Suppose 4*w - 32 = -5*k + k, -5*w = -5*k. Let m(s) = 3 + 13*s + s**2 - 5*s - k. What is m(v)?
-13
Let o(r) = 2*r - 3. Let u be (-398)/(-8) + (-3)/(-12). Suppose 0 = 3*n - 22 - u. Suppose -9*h = -13*h + n. Give o(h).
9
Let x(h) be the first derivative of h**4/4 + 2*h**3/3 - 4*h**2 - 10*h - 1088. Determine x(-4).
-10
Let r(c) = c**2 - 3*c + 1. Suppose 0 = -38*q + 180 - 66. Calculate r(q).
1
Suppose -4*n + 32 = 4*c, -2 = -n - c + 2*c. Let w(p) = 653*p**2 - 3 + 4 - n*p - 652*p**2. What is w(6)?
7
Let v(i) be the first derivative of i**6/60 + i**5/20 + i**4/24 + i**3/6 + 10*i**2 + 4*i - 74. Let r(l) be the second derivative of v(l). Calculate r(-2).
-5
Let l(k) = 8*k - 4. Let d(q) = 25*q - 15. Let j(y) = 4*d(y) - 13*l(y). Determine j(5).
-28
Let m(i) = -12 - i + 18 + 2*i - 3*i. What is m(13)?
-20
Let m(k) = -k**2 - 6*k - 1. Suppose 4*o - 3 = j, -j - 2*j + 7 = -4*o. Suppose -o*w = -w - 10. Suppose 4 = 2*c + 4*n, 0*n - w = c - 2*n. What is m(c)?
7
Let a(w) be the second derivative of 7/24*w**4 + 22*w + 0*w**2 + 0 - 1/120*w**5 - 11/3*w**3. Let r(d) be the second derivative of a(d). Determine r(5).
2
Let t(d) = d. Let y(i) = -i + 1. Let w(b) = 2*t(b) + 3*y(b). Let u(f) = -f**3 - 26*f**2 + 15*f + 385. Let a be u(-26). Calculate w(a).
8
Let v(h) = h**2 + 12*h - 41. Let x be 27/(-2) + (-222)/444. What is v(x)?
-13
Let o(w) = -w**3 - 11*w**2 - 3*w - 41. Suppose 3*n + 6 + 27 = 0. Let b be o(n). Let h(j) = 2*j + 7. Determine h(b).
-9
Let h(p) = 104*p**3 + 6*p - 2*p**2 - 98*p**3 - 8 - 5*p**3. Give h(4).
48
Let d(v) be the first derivative of -v**4/2 - 8*v**3/3 + 4*v**2 + 32*v + 221. What is d(-4)?
0
Let q(k) = 2 + 4 + 3*k + 6. Suppose -w - 745 = 5*d, -15*d + 17*d - 2*w = -298. Let j = d - -141. What is q(j)?
-12
Let n(a) = 148 + 159 - 5*a - 325 - 11*a**2 + 4*a**2 + a**3. Give n(8).
6
Let z be -3*(-224)/(-144) - -5. Let r(m) be the second derivative of -2*m**2 + 1/20*m**5 + 0 + 11*m - z*m**4 - 1/6*m**3. Determine r(4).
-8
Let i(r) = r**2 + r - 48. Let u = -4822 - -4815. Give i(u).
-6
Let x(n) = 13*n + 52. Let s(a) = -3*a - 13. Suppose -k - 8 = -3*k, 5*d - k = 41. Let h(i) = d*s(i) + 2*x(i). Let u = 29 + -37. Determine h(u).
-5
Let w(g) = -19*g + 108. Let h(s) = -4*s + 3. Let i(b) = 2*h(b) - w(b). Give i(9).
-3
Let b(o) be the third derivative of o**9/60480 - o**8/2520 - o**6/144 + 29*o**5/20 + 119*o**2. Let c(k) be the third derivative of b(k). Give c(8).
-5
Let q(o) be the third derivative of -o**5/60 + o**4/4 + o**3/2 + 20*o**2. Let n be (0 - -9)/(-3 + 27/6). Let l(t) = t**2 - 11*t + 37. Let u be l(n). Give q(u).
-4
Let b(i) = -5*i + 35. Let l be b(8). Let x = 17 + -15. Let c(d) = 2*d + 6 + d**2 - 2*d**x + d - 6*d. Calculate c(l).
-4
Suppose -144 = 77*s - 81*s. Suppose s = -4*v - i, -5*v + 2*i = 27 + 18. Let q(w) = w**3 + 9*w**2 + 2*w + 8. Determine q(v).
-10
Let a(s) = 3*s**2 + 19*s - 544. Let m be a(-17). Let p(h) = -h**2 - h - 29. Determine p(m).
-29
Let x(g) be the second derivative of -g**3/2 + 3*g**2/2 + 10*g. Suppose j + u = -9, 0 = -2*j + 2*u - 41 + 31. Give x(j).
24
Let c = -7869 - -7877. Let j(g) = g + 1. Let o(p) = p + 9. Let k(a) = 1. Let b(y) = 4*k(y) - 2*o(y). Let i(f) = b(f) + 3*j(f). Determine i(c).
-3
Let d(q) = -23 + 6 + 569*q - 567*q. Give d(-9).
-35
Let b(i) = 11*i + 697. Let q be b(-64). Let n(f) = 15*f**3 - f**2 - 33*f - 20. Let v(w) = 7*w**3 - 16*w - 10. Let p(l) = -6*n(l) + 13*v(l). Calculate p(q).
11
Let u be (-26 - (-11 + -20))*(-2 + 1). Let w(c) = -c**3 - 7*c**2 - 12*c - 1. Calculate w(u).
9
Let x(n) = n**2 - 12*n + 11. Let u(t) = -t**3 - 21*t**2 + 160*t - 43. Let j be u(-27). Calculate x(j).
0
Let q(m) = -m**3 + 7*m**2 + 3*m + 10. Let p(l) = -6*l + 277. Let k(b) = -5*b + 